{"id":224,"date":"2020-07-29T18:19:11","date_gmt":"2020-07-29T18:19:11","guid":{"rendered":"http:\/\/innovastudio.cl\/web\/?post_type=product&#038;p=224"},"modified":"2020-07-29T22:11:24","modified_gmt":"2020-07-29T22:11:24","slug":"diseno-sitio-web-autoadministrable","status":"publish","type":"product","link":"https:\/\/innovastudio.cl\/web\/producto\/diseno-sitio-web-autoadministrable\/","title":{"rendered":"DISE\u00d1O SITIO WEB AUTOADMINISTRABLE"},"content":{"rendered":"<p><strong>DISE\u00d1O E IMPLEMENTACI\u00d3N TIENDA VIRTUAL<\/strong><\/p>\n<p>INCLUYE HOSTING 2 GB<\/p>\n<p>5 CUENTAS CORPORATIVAS<\/p>\n<p><i class=\"page-scroll\">Dise\u00f1o WEB PROFESIONAL\u00a0 <\/i><\/p>\n<p><i class=\"page-scroll\">FULL RESPONSIVE (100% ADAPTABLE A M\u00d3VILES).<br \/>\n<\/i><\/p>\n<p>100% AUTOADMINISTRABLE<\/p>\n<p>KIT DE FORMULARIOS DE CONTACTO<\/p>\n<p>GALERIA DE FOTOS Y VIDEOS<\/p>\n<p><strong>\u00a0<\/strong><\/p>\n<div class=\"column_attr clearfix animate fadeInUp\" data-anim-type=\"fadeInUp\">\n<p>&nbsp;<\/p>\n<p>&nbsp;<\/p>\n<\/div>\n","protected":false},"excerpt":{"rendered":"<p><strong>DISE\u00d1O SITIO WEB AUTOADMINISTRABLE ADAPTABLE A M\u00d3VILES.<\/strong><\/p>\n<p>&#8211; INCLUYE HOSTING 2 GB.<\/p>\n<p>&#8211; 5 CUENTAS DE CORREO CORPORATIVAS<\/p>\n<p>&nbsp;<\/p>\n<p>&nbsp;<\/p>\n","protected":false},"featured_media":214,"comment_status":"open","ping_status":"closed","template":"","meta":[],"_links":{"self":[{"href":"https:\/\/innovastudio.cl\/web\/wp-json\/wp\/v2\/product\/224"}],"collection":[{"href":"https:\/\/innovastudio.cl\/web\/wp-json\/wp\/v2\/product"}],"about":[{"href":"https:\/\/innovastudio.cl\/web\/wp-json\/wp\/v2\/types\/product"}],"replies":[{"embeddable":true,"href":"https:\/\/innovastudio.cl\/web\/wp-json\/wp\/v2\/comments?post=224"}],"wp:featuredmedia":[{"embeddable":true,"href":"https:\/\/innovastudio.cl\/web\/wp-json\/wp\/v2\/media\/214"}],"wp:attachment":[{"href":"https:\/\/innovastudio.cl\/web\/wp-json\/wp\/v2\/media?parent=224"}],"curies":[{"name":"wp","href":"https:\/\/api.w.org\/{rel}","templated":true}]}}